{"id":5,"date":"2021-04-19T17:37:58","date_gmt":"2021-04-19T15:37:58","guid":{"rendered":"https:\/\/ark-net.eu\/?page_id=5"},"modified":"2021-07-09T10:41:38","modified_gmt":"2021-07-09T08:41:38","slug":"create-your-website-with-blocks","status":"publish","type":"page","link":"https:\/\/ark-net.eu\/","title":{"rendered":"Stay awhile and listen &#8230;"},"content":{"rendered":"\n<h2 class=\"has-text-align-wide alignwide has-gigantic-font-size wp-block-heading\" style=\"line-height:1.1\">Willkommen im Ark-Net<\/h2>\n\n\n\n<p>Eine merkw\u00fcrdige Reise durch die IT Landschaft und anderen Hobbys. Mit dem Motorrad vorbei am Serverbau und Softwareproblemen im Docker-Tal der Virtualisierung. <\/p>\n\n\n\n<p>Ich habe diese Seite gestartet um daran zu lernen aber auch um allen da drau\u00dfen die Chance zu geben von den Situationen zu lernen in die ich gelaufen bin mit meinen Hobbys.<\/p>\n\n\n\n<h2 class=\"wp-block-heading\">Bilder<\/h2>\n\n\n\n<figure class=\"wp-block-gallery columns-3 is-cropped wp-block-gallery-1 is-layout-flex wp-block-gallery-is-layout-flex\"><ul class=\"blocks-gallery-grid\"><li class=\"blocks-gallery-item\"><figure><img loading=\"lazy\" decoding=\"async\" width=\"1024\" height=\"498\" src=\"https:\/\/ark-net.eu\/wp-content\/uploads\/2021\/04\/2020-05-17-17.54.38-1024x498.jpg\" alt=\"\" data-id=\"47\" data-link=\"https:\/\/ark-net.eu\/?attachment_id=47\" class=\"wp-image-47\" srcset=\"https:\/\/ark-net.eu\/wp-content\/uploads\/2021\/04\/2020-05-17-17.54.38-1024x498.jpg 1024w, https:\/\/ark-net.eu\/wp-content\/uploads\/2021\/04\/2020-05-17-17.54.38-300x146.jpg 300w, https:\/\/ark-net.eu\/wp-content\/uploads\/2021\/04\/2020-05-17-17.54.38-768x373.jpg 768w, https:\/\/ark-net.eu\/wp-content\/uploads\/2021\/04\/2020-05-17-17.54.38-1536x747.jpg 1536w, https:\/\/ark-net.eu\/wp-content\/uploads\/2021\/04\/2020-05-17-17.54.38-2048x996.jpg 2048w, https:\/\/ark-net.eu\/wp-content\/uploads\/2021\/04\/2020-05-17-17.54.38-800x389.jpg 800w\" sizes=\"auto, (max-width: 1024px) 100vw, 1024px\" \/><figcaption class=\"blocks-gallery-item__caption\">Let&#8217;s make something<\/figcaption><\/figure><\/li><li class=\"blocks-gallery-item\"><figure><img loading=\"lazy\" decoding=\"async\" width=\"1024\" height=\"498\" src=\"https:\/\/ark-net.eu\/wp-content\/uploads\/2021\/04\/2020-04-16-22.57.30-1024x498.jpg\" alt=\"\" data-id=\"45\" data-link=\"https:\/\/ark-net.eu\/?attachment_id=45\" class=\"wp-image-45\" srcset=\"https:\/\/ark-net.eu\/wp-content\/uploads\/2021\/04\/2020-04-16-22.57.30-1024x498.jpg 1024w, https:\/\/ark-net.eu\/wp-content\/uploads\/2021\/04\/2020-04-16-22.57.30-300x146.jpg 300w, https:\/\/ark-net.eu\/wp-content\/uploads\/2021\/04\/2020-04-16-22.57.30-768x373.jpg 768w, https:\/\/ark-net.eu\/wp-content\/uploads\/2021\/04\/2020-04-16-22.57.30-1536x747.jpg 1536w, https:\/\/ark-net.eu\/wp-content\/uploads\/2021\/04\/2020-04-16-22.57.30-2048x996.jpg 2048w, https:\/\/ark-net.eu\/wp-content\/uploads\/2021\/04\/2020-04-16-22.57.30-800x389.jpg 800w\" sizes=\"auto, (max-width: 1024px) 100vw, 1024px\" \/><figcaption class=\"blocks-gallery-item__caption\">from the draft to the build<\/figcaption><\/figure><\/li><li class=\"blocks-gallery-item\"><figure><img loading=\"lazy\" decoding=\"async\" width=\"1024\" height=\"768\" src=\"https:\/\/ark-net.eu\/wp-content\/uploads\/2021\/04\/2021-03-14-21.04.25-1024x768.jpg\" alt=\"\" data-id=\"36\" data-link=\"https:\/\/ark-net.eu\/?attachment_id=36\" class=\"wp-image-36\" srcset=\"https:\/\/ark-net.eu\/wp-content\/uploads\/2021\/04\/2021-03-14-21.04.25-1024x768.jpg 1024w, https:\/\/ark-net.eu\/wp-content\/uploads\/2021\/04\/2021-03-14-21.04.25-300x225.jpg 300w, https:\/\/ark-net.eu\/wp-content\/uploads\/2021\/04\/2021-03-14-21.04.25-768x576.jpg 768w, https:\/\/ark-net.eu\/wp-content\/uploads\/2021\/04\/2021-03-14-21.04.25-1536x1152.jpg 1536w, https:\/\/ark-net.eu\/wp-content\/uploads\/2021\/04\/2021-03-14-21.04.25-2048x1536.jpg 2048w, https:\/\/ark-net.eu\/wp-content\/uploads\/2021\/04\/2021-03-14-21.04.25-800x600.jpg 800w, https:\/\/ark-net.eu\/wp-content\/uploads\/2021\/04\/2021-03-14-21.04.25-400x300.jpg 400w\" sizes=\"auto, (max-width: 1024px) 100vw, 1024px\" \/><figcaption class=\"blocks-gallery-item__caption\">Battle-station march 2021<\/figcaption><\/figure><\/li><li class=\"blocks-gallery-item\"><figure><img loading=\"lazy\" decoding=\"async\" width=\"1024\" height=\"498\" src=\"https:\/\/ark-net.eu\/wp-content\/uploads\/2021\/04\/2020-12-13-14.58.04-1024x498.jpg\" alt=\"\" data-id=\"27\" data-link=\"https:\/\/ark-net.eu\/?attachment_id=27\" class=\"wp-image-27\" srcset=\"https:\/\/ark-net.eu\/wp-content\/uploads\/2021\/04\/2020-12-13-14.58.04-1024x498.jpg 1024w, https:\/\/ark-net.eu\/wp-content\/uploads\/2021\/04\/2020-12-13-14.58.04-300x146.jpg 300w, https:\/\/ark-net.eu\/wp-content\/uploads\/2021\/04\/2020-12-13-14.58.04-768x373.jpg 768w, https:\/\/ark-net.eu\/wp-content\/uploads\/2021\/04\/2020-12-13-14.58.04-1536x747.jpg 1536w, https:\/\/ark-net.eu\/wp-content\/uploads\/2021\/04\/2020-12-13-14.58.04-2048x996.jpg 2048w, https:\/\/ark-net.eu\/wp-content\/uploads\/2021\/04\/2020-12-13-14.58.04-800x389.jpg 800w\" sizes=\"auto, (max-width: 1024px) 100vw, 1024px\" \/><figcaption class=\"blocks-gallery-item__caption\">Some components some water equals performance<\/figcaption><\/figure><\/li><li class=\"blocks-gallery-item\"><figure><img loading=\"lazy\" decoding=\"async\" width=\"1024\" height=\"768\" src=\"https:\/\/ark-net.eu\/wp-content\/uploads\/2021\/05\/21-05-12-17-00-33-3305-1024x768.jpg\" alt=\"\" data-id=\"235\" data-full-url=\"https:\/\/ark-net.eu\/wp-content\/uploads\/2021\/05\/21-05-12-17-00-33-3305-scaled.jpg\" data-link=\"https:\/\/ark-net.eu\/?attachment_id=235\" class=\"wp-image-235\" srcset=\"https:\/\/ark-net.eu\/wp-content\/uploads\/2021\/05\/21-05-12-17-00-33-3305-1024x768.jpg 1024w, https:\/\/ark-net.eu\/wp-content\/uploads\/2021\/05\/21-05-12-17-00-33-3305-300x225.jpg 300w, https:\/\/ark-net.eu\/wp-content\/uploads\/2021\/05\/21-05-12-17-00-33-3305-768x576.jpg 768w, https:\/\/ark-net.eu\/wp-content\/uploads\/2021\/05\/21-05-12-17-00-33-3305-1536x1152.jpg 1536w, https:\/\/ark-net.eu\/wp-content\/uploads\/2021\/05\/21-05-12-17-00-33-3305-2048x1536.jpg 2048w, https:\/\/ark-net.eu\/wp-content\/uploads\/2021\/05\/21-05-12-17-00-33-3305-800x600.jpg 800w, https:\/\/ark-net.eu\/wp-content\/uploads\/2021\/05\/21-05-12-17-00-33-3305-400x300.jpg 400w\" sizes=\"auto, (max-width: 1024px) 100vw, 1024px\" \/><\/figure><\/li><\/ul><\/figure>\n\n\n\n<h2 class=\"wp-block-heading\">Aktuelles aus dem Blog<\/h2>\n\n\n<ul class=\"wp-block-latest-posts__list has-dates has-author wp-block-latest-posts\"><li><a class=\"wp-block-latest-posts__post-title\" href=\"https:\/\/ark-net.eu\/?p=548\">Easy Work mit dem WOWSTICK &#8211; Ein \u00dcberblick<\/a><div class=\"wp-block-latest-posts__post-author\">von arkijun<\/div><time datetime=\"2021-10-17T17:47:17+02:00\" class=\"wp-block-latest-posts__post-date\">17. Oktober 2021<\/time><div class=\"wp-block-latest-posts__post-excerpt\">Der WOWSTICK kommt in einer Apple like Verpackung und genau so f\u00fchlt sich auch das Auspacken an &#8230; Ist die Spindel gesperrt kann der WOWSTICK als normaler Schraubendreher genutzt werden<\/div><\/li>\n<li><a class=\"wp-block-latest-posts__post-title\" href=\"https:\/\/ark-net.eu\/?p=520\">Printing Logitech G15 Ersatzf\u00fc\u00dfe mit FDM Printing<\/a><div class=\"wp-block-latest-posts__post-author\">von arkijun<\/div><time datetime=\"2021-07-17T17:08:42+02:00\" class=\"wp-block-latest-posts__post-date\">17. Juli 2021<\/time><div class=\"wp-block-latest-posts__post-excerpt\">Bei einer alten Logitech G15 sind die F\u00fc\u00dfe abgebrochen. Wie l\u00f6sen wir diese kleine Situation? Eigentlich ganz einfach. durch 3D FDM Druck.<\/div><\/li>\n<li><a class=\"wp-block-latest-posts__post-title\" href=\"https:\/\/ark-net.eu\/?p=289\">cd &#8211; Linux Bash Commands Tutorial 02<\/a><div class=\"wp-block-latest-posts__post-author\">von arkijun<\/div><time datetime=\"2021-06-08T22:28:11+02:00\" class=\"wp-block-latest-posts__post-date\">8. Juni 2021<\/time><div class=\"wp-block-latest-posts__post-excerpt\">Mit dem &#8220;cd&#8221; Befehl k\u00f6nnen wir \u00fcberall im Dateisystem hinspringen vorausgesetzt wir kennen den Pfad an die Stelle. Der Syntax des Befehls ist => cd [Option] [Pfad]<\/div><\/li>\n<li><div class=\"wp-block-latest-posts__featured-image\"><img loading=\"lazy\" decoding=\"async\" width=\"150\" height=\"150\" src=\"https:\/\/ark-net.eu\/wp-content\/uploads\/2021\/07\/e066e4f5-b38e-4e5e-9c06-221cf43a5851-150x150.jpg\" class=\"attachment-thumbnail size-thumbnail wp-post-image\" alt=\"\" style=\"\" \/><\/div><a class=\"wp-block-latest-posts__post-title\" href=\"https:\/\/ark-net.eu\/?p=318\">Surface Headphones 2 &#8211; 2 Year Review &#8211; Habe bessere Qualit\u00e4t erwartet<\/a><div class=\"wp-block-latest-posts__post-author\">von arkijun<\/div><time datetime=\"2021-06-06T21:31:50+02:00\" class=\"wp-block-latest-posts__post-date\">6. Juni 2021<\/time><div class=\"wp-block-latest-posts__post-excerpt\">Microsoft Surface Headphones 2 ein angenehmes Tragegef\u00fchl &#038; gute stufenlose Regelung des ANC, leider mit Problemen in der Qualit\u00e4t &#038; Verschlei\u00dfteilen<\/div><\/li>\n<li><div class=\"wp-block-latest-posts__featured-image\"><img loading=\"lazy\" decoding=\"async\" width=\"150\" height=\"150\" src=\"https:\/\/ark-net.eu\/wp-content\/uploads\/2021\/06\/img_2290-150x150.jpg\" class=\"attachment-thumbnail size-thumbnail wp-post-image\" alt=\"\" style=\"\" \/><\/div><a class=\"wp-block-latest-posts__post-title\" href=\"https:\/\/ark-net.eu\/?p=328\">Dateien kopieren mit magic-wormhole<\/a><div class=\"wp-block-latest-posts__post-author\">von arkijun<\/div><time datetime=\"2021-06-06T19:51:26+02:00\" class=\"wp-block-latest-posts__post-date\">6. Juni 2021<\/time><div class=\"wp-block-latest-posts__post-excerpt\">Irgendwann kommt jeder in die Situation, das man Daten von einem Computer auf den anderen \u00fcbertrag muss. In den meisten F\u00e4llen ist das auch ganz einfach.<\/div><\/li>\n<\/ul>\n\n\n<h2 class=\"wp-block-heading\">Aktueller Druck<\/h2>\n\n\n\n<figure class=\"wp-block-image size-large\"><img decoding=\"async\" src=\"http:\/\/3dcraft.ark-net.eu\" alt=\"\"\/><\/figure>\n","protected":false},"excerpt":{"rendered":"<p>Willkommen im Ark-Net Eine merkw\u00fcrdige Reise durch die IT Landschaft und anderen Hobbys. Mit dem Motorrad vorbei am Serverbau und Softwareproblemen im Docker-Tal der Virtualisierung. Ich habe diese Seite gestartet um daran zu lernen aber auch um allen da drau\u00dfen die Chance zu geben von den Situationen zu lernen in die ich gelaufen bin mit<span class=\"dots\"> &hellip; <\/span><span class=\"link-more\"><a href=\"https:\/\/ark-net.eu\/\" class=\"more-link\">Read more <span class=\"screen-reader-text\">&#8220;Stay awhile and listen &#8230;&#8221;<\/span><\/a><\/span><\/p>\n","protected":false},"author":1,"featured_media":0,"parent":0,"menu_order":0,"comment_status":"closed","ping_status":"closed","template":"","meta":{"footnotes":""},"class_list":["post-5","page","type-page","status-publish","hentry"],"aioseo_notices":[],"jetpack-related-posts":[],"jetpack_sharing_enabled":true,"_links":{"self":[{"href":"https:\/\/ark-net.eu\/index.php?rest_route=\/wp\/v2\/pages\/5","targetHints":{"allow":["GET"]}}],"collection":[{"href":"https:\/\/ark-net.eu\/index.php?rest_route=\/wp\/v2\/pages"}],"about":[{"href":"https:\/\/ark-net.eu\/index.php?rest_route=\/wp\/v2\/types\/page"}],"author":[{"embeddable":true,"href":"https:\/\/ark-net.eu\/index.php?rest_route=\/wp\/v2\/users\/1"}],"replies":[{"embeddable":true,"href":"https:\/\/ark-net.eu\/index.php?rest_route=%2Fwp%2Fv2%2Fcomments&post=5"}],"version-history":[{"count":14,"href":"https:\/\/ark-net.eu\/index.php?rest_route=\/wp\/v2\/pages\/5\/revisions"}],"predecessor-version":[{"id":444,"href":"https:\/\/ark-net.eu\/index.php?rest_route=\/wp\/v2\/pages\/5\/revisions\/444"}],"wp:attachment":[{"href":"https:\/\/ark-net.eu\/index.php?rest_route=%2Fwp%2Fv2%2Fmedia&parent=5"}],"curies":[{"name":"wp","href":"https:\/\/api.w.org\/{rel}","templated":true}]}}